common factor of 758082 and 156.
78
What is the highest common factor of 10640 and 14060?
380
Calculate the highest common divisor of 122760 and 9174.
66
What is the greatest common factor of 76 and 104177?
19
Calculate the highest common factor of 68528 and 112.
16
Calculate the highest common divisor of 109392 and 112.
16
Calculate the greatest common factor of 19 and 381919.
19
Calculate the greatest common factor of 281 and 575769.
281
Calculate the greatest common factor of 12288 and 67072.
512
What is the greatest common factor of 2916 and 696?
12
What is the greatest common factor of 1085 and 139190?
155
Calculate the highest common factor of 3135 and 65208.
627
What is the greatest common factor of 11000 and 24772?
44
What is the greatest common divisor of 91425 and 125?
25
Calculate the greatest common factor of 1905 and 3735.
15
What is the greatest common divisor of 1891238 and 332?
166
Calculate the greatest common factor of 105 and 205365.
15
What is the highest common factor of 18384 and 48?
48
Calculate the greatest common divisor of 59 and 144904.
59
What is the greatest common factor of 13486 and 38269?
11
What is the highest common factor of 15480 and 1224?
72
Calculate the greatest common divisor of 37887 and 12975.
519
Calculate the greatest common factor of 1666 and 18394.
34
What is the highest common divisor of 498 and 8079054?
498
What is the highest common factor of 149211 and 944?
59
What is the highest common factor of 75147 and 1221?
111
Calculate the highest common factor of 59751 and 9261.
27
Calculate the greatest common factor of 9393 and 707.
101
Calculate the highest common factor of 371876 and 5828.
124
What is the highest common factor of 44 and 106188?
4
Calculate the greatest common divisor of 12 and 21304.
4
Calculate the greatest common divisor of 3640 and 28288.
104
What is the greatest common factor of 5 and 346235?
5
Calculate the highest common divisor of 1944 and 9828.
108
Calculate the greatest common divisor of 472 and 103132.
236
What is the greatest common divisor of 1617017 and 317?
317
Calculate the greatest common factor of 1791 and 171.
9
Calculate the greatest common divisor of 4921 and 37.
37
What is the greatest common factor of 15618 and 152?
38
What is the highest common divisor of 693 and 19811484?
693
What is the greatest common divisor of 348 and 111592?
116
Calculate the greatest common divisor of 53716 and 52.
52
Calculate the highest common factor of 59 and 163253.
59
Calculate the greatest common divisor of 5850 and 1664.
26
What is the greatest common factor of 3381 and 1725?
69
Calculate the greatest common divisor of 178051 and 677.
677
Calculate the highest common divisor of 26877 and 93.
93
Calculate the greatest common factor of 20 and 109570.
10
Calculate the highest common divisor of 26750 and 1100.
50
What is the greatest common divisor of 1076492 and 1380?
92
What is the highest common divisor of 1552 and 14065?
97
What is the greatest common factor of 100 and 370985?
5
What is the greatest common divisor of 752 and 544?
16
What is the greatest common divisor of 1821133 and 53?
53
What is the greatest common divisor of 1752 and 303?
3
What is the highest common divisor of 72 and 1261632?
24
Calculate the highest common factor of 3202 and 4.
2
Calculate the greatest common divisor of 232 and 192136.
8
What is the highest common divisor of 1120 and 9632?
224
What is the highest common factor of 13616 and 36593?
851
Calculate the greatest common divisor of 1136 and 5297168.
1136
What is the greatest common factor of 56064 and 473916?
876
What is the highest common divisor of 8729 and 19264?
301
What is the highest common factor of 182368 and 5004?
556
What is the greatest common factor of 2216583 and 164?
41
What is the highest common divisor of 16 and 14032?
16
Calculate the highest common divisor of 11168 and 21638.
698
What is the greatest common divisor of 82002 and 6?
6
Calculate the highest common factor of 203191 and 183.
61
Calculate the highest common divisor of 762 and 58166.
254
What is the highest common factor of 21114948 and 12?
12
Calculate the highest common divisor of 2770 and 12.
2
What is the greatest common factor of 53 and 1585124?
53
What is the greatest common factor of 36306 and 72?
18
What is the highest common divisor of 15 and 746040?
15
Calculate the highest common divisor of 938466 and 216.
54
Calculate the greatest common divisor of 48231 and 12075.
69
Calculate the highest common factor of 199838 and 326.
326
Calculate the greatest common factor of 16050 and 3600.
150
Calculate the highest common divisor of 78 and 206544.
78
What is the greatest common factor of 360 and 92120?
40
What is the greatest common divisor of 29010 and 1005?
15
Calculate the greatest common divisor of 207639 and 9.
9
Calculate the greatest common factor of 46137 and 819.
273
Calculate the greatest common factor of 5093163 and 54.
9
Calculate the greatest common factor of 2376 and 2826.
18
What is the highest common divisor of 202 and 2089387?
101
Calculate the highest common factor of 3276 and 574.
14
Calculate the highest common factor of 162 and 62226.
18
What is the highest common factor of 9000 and 72750?
750
Calculate the greatest common factor of 2304 and 9036.
36
Calculate the highest common factor of 3115 and 1412341.
623
Calculate the highest common factor of 591765 and 30.
15
What is the highest common divisor of 14820 and 33?
3
What is the greatest common divisor of 56 and 654136?
56
Calculate the greatest common divisor of 219 and 883592.
73
Calculate the highest common divisor of 2842 and 23809.
29
Calculate the highest common factor of 85684 and 4.
4
What is the highest common divisor of 105504 and 4872?
168
Calculate the greatest common factor of 12 and 162213.
3
Calculate the highest common factor of 909 and 81.
9
Calculate the greatest common factor of 1612650 and 78.
78
Calculate the highest common factor of 106 and 7541582.
106
Calculate the highest common divisor of 2806 and 1098.
122
Calculate the greatest common factor of 670572 and 2268.
756
What is the greatest common factor of 1640 and 776?
8
What is the highest common factor of 1208 and 152?
8
Calculate the highest common divisor of 244 and 898774.
122
What is the greatest common divisor of 193900 and 3500?
700
Calculate the highest common divisor of 21777 and 2604.
21
Calculate the highest common factor of 12215 and 835.
5
What is the highest common factor of 162 and 4518?
18
What is the greatest common factor of 3471 and 2496?
39
What is the greatest common factor of 165561 and 231?
33
Calculate the highest common factor of 1680 and 9968.
112
What is the highest common divisor of 130 and 1141780?
10
Calculate the highest common factor of 1061304 and 504.
24
What is the highest common divisor of 2529 and 240536?
281
Calculate the greatest common factor of 345018 and 114.
6
What is the highest common divisor of 73917 and 10887?
573
What is the greatest common divisor of 187 and 2089895?
17
What is the highest common divisor of 23010 and 663?
39
Calculate the greatest common factor of 1860 and 7564.
124
What is the highest common factor of 28182 and 396?
66
What is the highest common divisor of 18567024 and 32?
16
What is the greatest common divisor of 288 and 264?
24
Calculate the highest common divisor of 61785 and 1035.
45
What is the greatest common factor of 169429 and 26?
13
What is the greatest common divisor of 1660893 and 7215?
1443
What is the greatest common divisor of 579540 and 743?
743
What is the highest common divisor of 65722 and 306?
34
What is the highest common factor of 1137986 and 38?
38
What is the highest common divisor of 32125 and 250?
125
What is the greatest common factor of 198 and 3264?
6
Calculate the greatest common divisor of 151601 and 237.
79
What is the greatest common divisor of 672 and 1318548?
84
Calculate the greatest common divisor of 69808 and 48.
16
What is the highest common divisor of 2178 and 29898?
198
What is the greatest common factor of 4218 and 32946?
114
Calculate the highest common factor of 2442455 and 358.
179
Calculate the highest common factor of 4329749 and 877.
877
What is the highest common factor of 1251020 and 120?
20
What is 